List the prime factors of c.
2, 7
List the prime factors of ((-218)/4)/((-2)/(-56)*-2).
7, 109
Suppose 6*w - 704 = 2*w. Suppose 4*g = 2*g + w. Let o = -58 + g. List the prime factors of o.
2, 3, 5
Let x(s) = s**3 + 5*s**2 - s + 3. Let r be x(-5). Let p = 121 + r. What are the prime factors of p?
3, 43
Suppose 2*q = -5 + 19. Let f(v) = -v**3 + 7*v**2 + 9*v - 4. What are the prime factors of f(q)?
59
Let u(t) = -24*t + 859. What are the prime factors of u(-61)?
23, 101
Let y be 73 + (-3)/(-4*(-4)/16). Let z = 146 - y. What are the prime factors of z?
2, 19
Suppose -12 = -k + 2*q, -q = -5*k - 3*q + 108. Let d = -13 + 16. Suppose -d*g - 2*g = -k. What are the prime factors of g?
2
Let u(g) be the second derivative of g**4/12 + 2*g**3/3 - 2*g. Let s be u(-5). Suppose s*m = -2*n + 131, -28 = -m - 5*n + 12. List the prime factors of m.
5
Let q = -7429 - -10718. List the prime factors of q.
11, 13, 23
Suppose 2*y + 13404 = 14*y. Suppose 4*j = -9 + y. What are the prime factors of j?
277
Suppose 0 = -m + 366 - 127. List the prime factors of m.
239
Let d(w) = 6*w**2 - 11*w - 68. What are the prime factors of d(-11)?
19, 41
Let g = 150 + 45. What are the prime factors of g?
3, 5, 13
Suppose 7 = 2*g - 1. Suppose -2*m - 1 = g*f - 15, -4*m + 6 = -3*f. Suppose 192 = -f*i + 6*i. List the prime factors of i.
2, 3
Suppose 0 = 3*f - 3*x + 4 + 11, -3*f + x = 19. List the prime factors of (1 - 0) + 1250/(-2 - f).
251
Let p(a) = 18*a**2 + 63*a + 373. What are the prime factors of p(-17)?
2, 563
Let p(s) = -s + 1. Let v be p(-18). Suppose -5*b + 6*c + v = 5*c, 5*b = 3*c + 17. List the prime factors of b.
2
Let q(s) = 41*s + 2. Let j = 81 - 80. List the prime factors of q(j).
43
List the prime factors of (-132)/(7 - 2424/344).
2, 3, 11, 43
Let c(g) = -3*g**2 + 37*g - 22. Let l(o) = 2*o**2 - 18*o + 11. Let n(h) = 3*c(h) + 5*l(h). What are the prime factors of n(-26)?
7, 17
Let b = 24 + 86. Let l = 196 - b. List the prime factors of l.
2, 43
Let m be (-1)/(-5) + 84/30. Suppose 2*w = -w + m*s + 3, -w + 5*s = 15. Suppose -4*n = -5*n + w. List the prime factors of n.
5
Let g = -171 - -924. What are the prime factors of g?
3, 251
Let u(y) = 26*y - 135. What are the prime factors of u(8)?
73
Let g(m) = 2*m**3 - 8*m**2 + 9*m - 34. What are the prime factors of g(8)?
2, 5, 11
Suppose -5*l + 1192 = -158. List the prime factors of l.
2, 3, 5
Suppose -5*l + 5*y + 0 = -20, 4*l - 3*y = 15. Let s be -33*(0 + -2 + l). Let o = 6 - s. List the prime factors of o.
3, 13
Let c(m) = 2*m**3 - 3*m**2 - 3*m + 3. Suppose -y - 3*y = -5*v + 16, 3*v - y = 11. What are the prime factors of c(v)?
71
Let s = 411 - 152. Let l = -163 + s. List the prime factors of l.
2, 3
Suppose -g + 5*a - 1523 = -3*g, 4*a - 2302 = -3*g. Suppose 4*y = g - 62. List the prime factors of y.
2, 89
Let j = -59 + 57. Suppose 4*v = -0*v - 52. List the prime factors of (v - -11)*29/j.
29
Suppose 2*t - 490 = 4*j - 2*j, 4*t + 4*j = 1004. List the prime factors of t.
2, 31
Let m(f) = f**3 + 2*f**2 - 2*f + 1. Let t be m(1). Suppose 21 = k + 2*z + t*z, -4*k + 5*z = -63. What are the prime factors of k?
17
Suppose -3*q + 1 = z + 24, -q - 21 = -3*z. Let d(f) = f**3 + 8*f**2 + 8*f + 7. Let g be d(-6). What are the prime factors of g/((-3)/q*3)?
31
What are the prime factors of (-2)/(4734/4746 + -1)?
7, 113
Let s = 57 - 35. Suppose -u + s = a, -4*a + 86 + 1 = 3*u. List the prime factors of a.
3, 7
Suppose -6261 = -6*w - 2097. Suppose -6*f + w = 160. What are the prime factors of f?
89
Let r(u) = -3*u + 11 - 3 + 4*u. Suppose 0 = p - 2, p = -2*f + 4*f + 14. List the prime factors of r(f).
2
Let w(o) = o**3 + 12*o**2 + 11*o + 5. Suppose 3*m - 10 - 2 = 0. Suppose -m*b = 3*j + 49, 4*j + 0*j - 3*b + 32 = 0. List the prime factors of w(j).
5
Let h(z) = z**2 + 2*z - 25. Suppose 2*n - 3*l = -29, -3*l - l = 3*n + 69. What are the prime factors of h(n)?
2, 149
Suppose -8*x + 5*z - 3576 = -12*x, -4*x = -z - 3600. What are the prime factors of x?
29, 31
Let r(h) be the third derivative of 7*h**4/24 - 7*h**3/3 - 48*h**2. Suppose 4*n - 14 = -g, -g + 2 + 8 = 3*n. What are the prime factors of r(n)?
2, 7
Let p(f) = -6*f - f + 3 + 1. Let k = -588 - -585. What are the prime factors of p(k)?
5
Suppose -2*s - 25*n + 22*n + 4122 = 0, 2*n - 8 = 0. What are the prime factors of s?
3, 5, 137
Let y be (0/1)/(0 + -2). Suppose -z + 2 = -y. Suppose -j + 52 = 4*r, 6*j + 30 = r + z*j. What are the prime factors of r?
2, 7
Let c(o) = o**2 + 3*o + 4. Let g be c(-3). Let n(h) = -h + 2*h**2 - 7 + h**2 + 5*h**2 - 3*h**2. List the prime factors of n(g).
3, 23
Suppose -r = 5*f - 957, 2*r + 2883 = 5*r + 3*f. List the prime factors of r.
2, 13, 37
What are the prime factors of -11 + -1*(-3036 + -4)?
13, 233
Suppose l - 4*u - 1696 = 0, 3*l - 4*u - 6736 = -l. List the prime factors of l.
2, 3, 5, 7
Let t be (21/6)/((-3)/(-6)). Suppose 0 = d - t - 4. Suppose -5*n + 37 = -4*h + 8*h, 2*h = -n + d. What are the prime factors of n?
5
Suppose 163 - 529 = -6*q. List the prime factors of q.
61
Suppose -3*z + 18 = -0*z. Let p(s) = -6 - z*s - 2*s + 8. List the prime factors of p(-2).
2, 3
Let i = -702 + 1152. What are the prime factors of i?
2, 3, 5
Let x = 60 + 125. Let g = x + -123. What are the prime factors of g?
2, 31
Suppose -729 = 10*q - 3929. List the prime factors of q.
2, 5
Suppose -4*c + 3*n + 8075 = 0, 3*n = -21*c + 17*c + 8045. List the prime factors of c.
5, 13, 31
What are the prime factors of (-7)/(-35 + 7) + (-10029)/(-12)?
2, 11, 19
Let p = -85 - -163. Let r = p + 32. What are the prime factors of r?
2, 5, 11
Suppose 0 = 3*f - 7*f - 3*q + 14, 0 = 2*f + 4*q - 12. Let d be (8/f)/4 + -8. Let h = 2 - d. What are the prime factors of h?
3
Suppose 460 = 14*p - 2074. What are the prime factors of p?
181
Let x = 26 + -25. What are the prime factors of -7*(x + 93/(-21))?
2, 3
Let f = -2529 + 3729. What are the prime factors of f?
2, 3, 5
List the prime factors of 11080/(-30)*(-15)/10.
2, 277
Let q(y) be the second derivative of y**4/12 + y**3 - y**2 - 3*y. Let x be q(-6). What are the prime factors of 32 + x/(-4)*2?
3, 11
Let n be (-2497)/(-8) + 14/(-112). Suppose n = v + 3*v - 3*u, 0 = -2*v + 4*u + 156. What are the prime factors of v?
2, 3, 13
Let d(o) = -o**2 - o + 1. Let u(x) = -6*x**2 - 11*x - 5. Let y(m) = 4*d(m) - u(m). List the prime factors of y(-10).
139
Let a(u) = -u**2 - 2*u - 1. Suppose k - x - 12 = -2*k, 2*k = -x + 13. Let t be a(k). Let l = t - -75. List the prime factors of l.
3, 13
Let q = 26 + -34. Let h be (-8)/(-3)*(-426)/q. Suppose 218 = 5*s - h. List the prime factors of s.
2, 3
Let g be ((-1)/2)/(1/(-4)) + 26. Suppose 2*l - p = -g + 87, -3*l = p - 91. What are the prime factors of l?
2, 3, 5
Let o(t) = t. Let k = 4 - 1. Suppose -3*a + a + 8 = 0, -k*j + 24 = -3*a. What are the prime factors of o(j)?
2, 3
Let d = -18 + 18. Suppose d = -p - 2, -5*g = -g - p - 246. What are the prime factors of g?
61
Let l(t) = -t**3 + 3*t**2 + 26*t - 54. List the prime factors of l(-15).
2, 3, 601
Let b = -260 + 554. Let g = -118 + b. List the prime factors of g.
2, 11
Let i be (-3 + 2 + 2)*-11. Let c = i + 8. List the prime factors of 8 - 1/(c/(-9)).
5
Suppose 5*u - 12541 = -5*z + 3459, 9593 = 3*u - 4*z. List the prime factors of u.
7, 457
Suppose 5*k - 2*a - 10 = k, -k + a = 0. Suppose u = k*u. Suppose u = -5*l + 6*l - 22. List the prime factors of l.
2, 11
Suppose 0 = 3*c - 10 + 1. What are the prime factors of 97 + (1/c - (-6)/(-18))?
97
Let n(r) = -9*r**2 - r + 58. Let u(g) = -3*g**2 + 19. Let v(z) = -6*n(z) + 17*u(z). What are the prime factors of v(-11)?
2, 17
Let r = -1531 + 2165. List the prime factors of r.
2, 317
Suppose -3*s = 2*s - 265. Let p = 121 - s. What are the prime factors of p?
2, 17
Suppose -2*j = -6, 4*t = -0*t - 5*j + 35. Suppose -t*l + 9 + 16 = 0. Suppose -3*y = -4*o - 68, 4*y - l*o - 45 - 46 = 0. List the prime factors of y.
2, 3
List the prime factors of 66286/121 + (-6)/(-33).
2, 137
Let s = 141 - 346. List the prime factors of 3*s/(-15) - 3.
2, 19
What are the prime factors of 658/(-98) - -7 - (-2054)/14?
3, 7
Let g = 18 - 19. Let l = -3 - g. Let q(o) = 2*o**2 + 3*o. What are the prime factors of q(l)?
2
Suppose 2133 = -19*j + 11576. What are the prime factors of j?
7, 71
List the prime factors of 1798*2 - (-620)/62.
2, 3, 601
Let f(m) =